 (base 12) to base 7
106635662
-128255 (base 9) to base 10
-78215
What is -2121000222 (base 3) in base 11?
-353a5
Convert 303321021 (base 6) to base 12.
18b0171
Convert -11102020220111 (base 3) to base 10.
-2347312
17362070 (base 8) to base 4
33132100320
Convert 355766 (base 8) to base 14.
32594
Convert -100010001100000000000 (base 2) to base 15.
-171ddb
What is 3031302231 (base 5) in base 11?
34aa388
-655 (base 14) to base 16
-4e3
What is 112202210022 (base 3) in base 2?
1000110111110011101
What is -21851 (base 10) in base 5?
-1144401
-551122541 (base 6) to base 4
-211212012331
218db (base 14) to base 3
11010120111
What is -93a01 (base 11) in base 4?
-201130031
What is -1bd0a4 (base 16) in base 14?
-356460
Convert -21121142 (base 8) to base 3.
-22110112010021
Convert 31079 (base 15) to base 14.
40896
22000111020 (base 3) to base 13
56ab1
Convert -73be98 (base 16) to base 3.
-112021101020221
-48136a5 (base 11) to base 15
-b0c237
200212020222 (base 3) to base 15
74eee
Convert 210154 (base 10) to base 5.
23211104
10574262 (base 8) to base 4
20233202302
274848 (base 10) to base 3
111222000120
2011220021121 (base 3) to base 10
1159315
10000101100110001 (base 2) to base 14
1acdb
What is -103805 (base 15) in base 14?
-161133
-1c32de (base 15) to base 8
-5202573
Convert 5b7bab (base 12) to base 11.
925560
What is -1000010000011000011000 (base 2) in base 9?
-4057710
What is 1230020223 (base 4) in base 7?
3523215
Convert df972 (base 16) to base 9.
1645244
-110011000001010 (base 2) to base 8
-63012
-220201030230 (base 4) to base 3
-201222122021210
Convert -101139 (base 10) to base 12.
-4a643
Convert 245352303 (base 6) to base 2.
10010000101110111001111
1011213030 (base 4) to base 11
185251
What is -3263131 (base 8) in base 2?
-11010110011001011001
100110001000001111 (base 2) to base 11
a7378
165b3 (base 13) to base 9
64552
What is -43606552 (base 7) in base 6?
-212214301
190611 (base 12) to base 5
102430313
What is 12c643 (base 13) in base 4?
1233102220
What is -1100101100101001 (base 2) in base 8?
-145451
Convert -2001200020 (base 3) to base 12.
-1b5a3
662055 (base 7) to base 5
12202344
Convert 1022200012211201 (base 3) to base 5.
14323141422
What is -1598be (base 15) in base 8?
-3770566
-220032222210 (base 4) to base 16
-a0eaa4
-152185 (base 12) to base 2
-1010110111101110101
What is -2663160 (base 10) in base 7?
-31431213
What is 9a076 (base 15) in base 4?
1313200032
131b24 (base 15) to base 3
1201121001221
What is -210020012212 (base 3) in base 5?
-101333000
-46116c (base 15) to base 11
-1985126
Convert -143324103 (base 5) to base 15.
-1007d8
What is 5561af (base 16) in base 6?
315533223
Convert -3354225 (base 6) to base 10.
-170729
10255443 (base 6) to base 15
5ec99
Convert 4106115 (base 7) to base 16.
77832
Convert -255736 (base 10) to base 16.
-3e6f8
Convert -1012100021001 (base 3) to base 2.
-10011011011010111111
Convert 1220660 (base 7) to base 6.
3204025
Convert -ab4fd6 (base 16) to base 15.
-ebb82e
Convert 11012020210 (base 3) to base 6.
1434120
What is 285476 (base 9) in base 2?
101010101000100000
Convert -11000001010101110 (base 2) to base 15.
-1e4e5
-3bc62 (base 14) to base 8
-440636
12614531 (base 8) to base 2
1010110001100101011001
Convert 1993947 (base 10) to base 5.
1002301242
-131313203032 (base 4) to base 13
-1811a85
80036 (base 11) to base 2
11100100110101111
What is -22df5 (base 16) in base 10?
-142837
Convert 432351412 (base 6) to base 9.
15407348
-42042 (base 12) to base 14
-23710
Convert -1aafc (base 16) to base 10.
-109308
Convert 2140023 (base 6) to base 4.
121330233
What is -85273 (base 14) in base 6?
-10520341
Convert 10304314 (base 6) to base 8.
1122166
-118556 (base 11) to base 5
-21441011
Convert 10120020101221 (base 3) to base 5.
441103422
What is 302320323 (base 4) in base 15?
41b63
Convert 620e7 (base 15) to base 3.
120210020001
Convert 10010110100101011 (base 2) to base 6.
1352535
Convert -1244715 (base 10) to base 9.
-2306376
-1162651 (base 7) to base 11
-a2673
What is 22333223032 (base 4) in base 15?
3be004
41227a (base 11) to base 14
1332a0
Convert -123681 (base 12) to base 4.
-1020120001
-2857122 (base 11) to base 12
-178ba45
113101015 (base 6) to base 13
58a372
Convert -20201120320 (base 4) to base 3.
-11012111100111
925b8 (base 13) to base 7
2142062
-135025 (base 6) to base 16
-31d9
Convert -14599621 (base 10) to base 9.
-30421821
What is 21020001002100 (base 3) in base 13?
a454ac
Convert 18000738 (base 10) to base 9.
36775330
Convert -34893 (base 12) to base 15.
-15cc3
515698 (base 10) to base 16
7de72
Convert -32330020332 (base 4) to base 5.
-2000310400
What is -21200103002 (base 4) in base 5?
-1114212321
25560050 (base 8) to base 4
111232000220
What is -68513 (base 12) in base 10?
-138975
3350503 (base 6) to base 16
297e7
87401 (base 9) to base 12
29624
What is 610b1 (base 13) in base 8?
523213
Convert 1088223 (base 9) to base 10.
589944
What is -101543506 (base 7) in base 4?
-112303110121
What is -4427276 (base 12) in base 15?
-1219c90
2ad5d2 (base 14) to base 7
15502252
Convert -1101110011101010110 (base 2) to base 5.
-103434223
-d0634 (base 14) to base 13
-146b40
What is 12002122120 (base 3) in base 10?
100347
What is -553425 (base 7) in base 13?
-35385
What is -201741 (base 8) in base 7?
-364651
666303 (base 7) to base 8
345320
What is 1100010110001000101 (base 2) in base 9?
675838
Convert -17615a (base 16) to base 6.
-52501430
What is -13001045 (base 7) in base 11?
-734219
Convert -114314422 (base 5) to base 11.
-340122
What is 2432bc (base 13) in base 7?
10225462
-1010011111100011100010 (base 2) to base 10
-2750690
Convert 741a04 (base 15) to base 6.
314220534
Convert 3417157 (base 8) to base 5.
214102140
What is -41505455 (base 7) in base 11?
-1a79a55
Convert -20400132 (base 5) to base 4.
-221031120
What is 7144d (base 14) in base 7?
2213326
Convert 7d44c0 (base 14) to base 12.
1522720
Convert 11001200010 (base 3) to base 11.
55082
What is -1112103210 (base 4) in base 6?
-11324340
What is 24ab13 (base 12) in base 5?
123140422
What is 332330320 (base 4) in base 5?
31222343
What is -402610 (base 8) in base 15?
-293c8
-14744759 (base 10) to base 13
-3093413
11001201022122 (base 3) to base 7
24233003
Convert -b3c34 (base 14) to base 4.
-1221300312
What is 122321312 (base 4) in base 11?
75880
What is 11060715 (base 8) in base 15?
321708
What is 11000000011000110110001 (base 2) in base 11?
3616470
Convert 1162322 (base 7) to base 10.
149711
-43324200 (base 5) to base 11
-233444
376595 (base 11) to base 3
1010012021102
-14113042 (base 5) to base 14
-3aa8c
-15782 (base 9) to base 15
-3332
What is 1211010313 (base 4) in base 5?
101222012
-13202313 (base 5) to base 10
-131583
87781 (base 16) to base 8
2073601
What is 3141330304 (base 5) in base 4?
121020300032
What is 2484569 (base 10) in base 13?
68cb79
What is 99d2 (base 14) in base 7?
140452
111011010011010011 (base 2) to base 16
3b4d3
What is -1110010100001001111 (base 2) in base 12?
-1a7553
423301 (base 6) to base 11
23981
-335560 (base 9) to base 16
-310e6
Convert -2000001210011 (base 3) to base 7.
-12021400
Convert -15064140 (base 7) to base 8.
-5344273
What is -9414826 (base 11) in base 2?
-111111010110111110111110
What is -22001222202 (base 3) in base 16?
-26cc3
113240201 (base 5) to base 7
4312640
18673 (base 10) to base 6
222241
What is 184572 (base 9) in base 3?
12211122102
What is 307346 (base 9) in base 12?
89773
Convert -9d7a8c (base 15) to base 3.
-112010222110020
11111222 (base 3) to base 13
1664
What is -1220455550 (base 6) in base 16?
-d62ada
1460551 (base 7) to base 9
333667
What is 437550 (base 8) in base 4?
203331220
Convert 40522030 (base 7) to base 12.
1172204
What is 111110101010 (base 2) in base 15?
12c5
271828 (base 9) to base 3
22101220222
-143342 (base 13) to base 5
-111231224
Convert -410a5a0 (base 11) to base 2.
-11011101100110010001000
What is 65417 (base 11) in base 8?
271433
-856c63 (base 15) to base 14
-bb47cc
45598a (base 11) to base 5
141202001
Convert 1236115 (base 7) to base 13.
58129
645461 (base 8) to base 9
358081
10111100111110000111001 (base 2) to base 10
6192185
-33271723 (base 8) to base 6
-413424403
Convert 40030167 (base 8) to base 3.
120210211000201
What is -2231414 (base 5) in base 10?
-39609
2aadc (base 15)